39*z - 580. What is the thousands digit of g(-4)?
6
Suppose 0 = -9*t + 10*t + 15. Let j = -62 + t. Let b = -17 - j. What is the tens digit of b?
6
Let a(g) = -28*g**2 + 7*g + 174. Let o be a(-9). Let l = -830 - o. What is the units digit of l?
7
Let x(n) = -n**2 + 18*n + 79. Let y be x(20). Suppose 13962 + 13338 = y*b. What is the tens digit of b?
0
Suppose -702 = 3*d - 1734. Suppose -s - 4*u = 212, 2*s - 5*s - 616 = 2*u. Let a = d + s. What is the units digit of a?
0
Suppose -7*p + 64583 = -55166. What is the units digit of p?
7
What is the ten thousands digit of 175/(18 - 13)*459?
1
Suppose 0 = -2*t + t - 5. Suppose -2*x + a = -3*a + 158, 4*a - 353 = 5*x. What is the hundreds digit of (-503)/t + (-26)/x?
1
Let o be 28566/24 + (-2)/8. Suppose 4*y + 310 = o. Suppose 0 = 2*u - 3*i - 394 - 39, -u - 2*i = -y. What is the hundreds digit of u?
2
Suppose z - 32580 = -5*f, 56*z = -f + 59*z + 6532. What is the units digit of f?
7
Let d(v) = 8*v**2 + 23*v - 221. What is the tens digit of d(-38)?
5
Suppose -45*p - 24 = -39*p. Let r = 30 - -30. Let u = r - p. What is the tens digit of u?
6
Let s = 36520 + -16092. What is the units digit of s?
8
Suppose -26*b + 45472 = -5*b + 37*b. What is the units digit of b?
4
Let h = 5037 - -9610. What is the tens digit of h?
4
Let n be (1996/(-6))/((-4)/3 - -1). Suppose -13*l = -n - 250. What is the units digit of l?
6
Suppose 12*z - 10224 = -0*z. Suppose -8*r + 10*r = z. What is the tens digit of r?
2
Let n(h) = -h**3 + 2*h**2 - 25*h - 216. What is the tens digit of n(-18)?
1
Let p be 0/4 + (0 - -1). Let q = p - -1. Suppose 0 = q*l + 6*l - 360. What is the tens digit of l?
4
Suppose 4*h - 1824 = -4*h. Suppose 0 = l - 334 - h. What is the tens digit of l?
6
Let h(d) = -d**3 - d**2 + 2*d. Let c be h(-3). Let b(z) = -11*z**2 + 0 + z**3 + 3*z - 5*z - 6*z + 2. What is the tens digit of b(c)?
5
Suppose -1466 - 4513 = 3*t. What is the units digit of 9/((-36)/t) + 1/(-4)?
8
Let a be -2 - (0 - 2) - (5 - 509). Suppose -5*r - 5*z + 5570 = 0, -5*r + 2*z + a = -5066. What is the units digit of r?
4
Suppose 0 = 4*g + q + 12, 4*g + 10 + 26 = 5*q. Let m(z) = -124*z - 37. What is the hundreds digit of m(g)?
4
Suppose 3*i = 6*k - k + 17, i = -k + 3. Let m be (3 - 144) + k + 2. Let r = -77 - m. What is the tens digit of r?
6
Suppose 0 = -4*z - 2 + 10. Suppose 5*x = z*m + 60, -x + 2 = -2*m - 10. Suppose 4*r + 4*o - x = 3*r, 2*r - 57 = 3*o. What is the tens digit of r?
2
What is the units digit of ((-14)/(-28))/((-13)/(-52806))?
1
Suppose 28*f = -199462 + 499062. What is the units digit of f?
0
Let m(l) = -2*l**2 + 7*l - 20. Let u be m(10). Let n = u + 147. What is the units digit of (-28)/(-8)*(7 + (-2 - n))?
8
Suppose -4 = 3*k - 13. Suppose -5*h = 2*o - 40, -2*o - k*o + 71 = -2*h. Suppose 0 = 8*f - o - 9. What is the units digit of f?
3
Let f = 243350 - 166402. What is the ten thousands digit of f?
7
Suppose -21918 = -16*l + 15778. What is the thousands digit of l?
2
Suppose -120*r = -27788 - 956572. What is the units digit of r?
3
Let c(g) = 98*g**2 + 22*g - 288. What is the units digit of c(-16)?
8
Let f(j) = j**2 + 3*j - 1. Let l be f(10). Let v = 226 - l. What is the units digit of v?
7
Let y(d) = 825*d - 221 - 859*d - 84. What is the units digit of y(-19)?
1
Let s = -276 - -286. What is the units digit of s/(-6) + ((-816)/(-9) - -7)?
6
Let d = 54014 + -17630. What is the units digit of d?
4
Let o(f) = -25*f**3 - 3*f**2 - 7*f + 14. What is the units digit of o(-4)?
4
Let b = -8110 + 20067. What is the units digit of b?
7
Let h = 2453 - 1601. Suppose 4*l + 3*w - 4220 = 0, -1284 = -2*l + 5*w + h. What is the thousands digit of l?
1
Suppose 0 = -13*s + 4118 - 12880. Let a = s - -1282. What is the hundreds digit of a?
6
Let k = 387 - 272. Let j(q) = 2*q + 255. Let o be j(0). Let v = o - k. What is the tens digit of v?
4
Let n be (7/(-5) + 1)*-30. Suppose 6*x + n = 5*x. What is the tens digit of 3*x/9 + 40?
3
Suppose -132*p = 81565 - 172711 - 264066. What is the tens digit of p?
9
What is the hundreds digit of (22 + 17168)/15 + -12?
1
Let l(w) = -w**2 - 3*w. Let z be l(-4). Let b be (z - -12) + -4 - 2. Suppose 3*s + 4*h = 321, 3*s - b*h - 96 = 243. What is the units digit of s?
1
Let t(g) = 359*g**2 - 60*g - 398. What is the tens digit of t(-10)?
0
Let y(f) = -2*f**2 + 6*f + 15. Let h be y(8). Suppose 0 = -2*i + 6*i + 52. What is the tens digit of i/(h/60)*(-5)/(-3)?
2
Let s be (5 + 31/(-5))/((-3)/60). What is the hundreds digit of (-15)/((-90)/s) + 1194?
1
Suppose -3*a - 1458 = -12*a. Suppose t - a = 236. Suppose -t = 4*q - 1298. What is the units digit of q?
5
Suppose 117*s - 76*s = 65*s - 190344. What is the units digit of s?
1
Let n = -360 + 13176. What is the ten thousands digit of n?
1
What is the hundreds digit of 1/(-13) - (-48583260)/2340?
7
Let s(o) = o**3 - o**2 - o. Let t be s(2). Suppose -2*c - 1043 = -t*j - 5*c, 3*j - 1577 = -2*c. What is the tens digit of j?
2
Suppose -5*t + 32 = 37. Let s(d) = -311*d - 11. What is the units digit of s(t)?
0
Let d = 39 + -67. What is the units digit of d/(-3)*318/4?
2
Let h(g) = 8*g + 59. Let r be h(-7). Suppose -29*f + 24*f + 5*k = -3225, r*f + 4*k = 1900. What is the hundreds digit of f?
6
Let x(j) = 66582*j**2 + 57*j + 54. What is the tens digit of x(-1)?
7
Let u(q) = 29*q + 7. Let t = -222 - -228. What is the hundreds digit of u(t)?
1
Let l = 27 + -25. Let o be (6 - 7) + (-1 - l). What is the units digit of 1 + o + (-24)/(-1)?
1
Let s be 1/(10/85 - 166/1122). Let w = s + 113. What is the units digit of w?
0
What is the thousands digit of (-166754)/(-3) - (-259)/777?
5
Let t(r) = 9*r + 40. Let v be t(-4). Suppose 7*x - 2*x - 731 = v*q, 0 = -4*q + 4. What is the hundreds digit of x?
1
Suppose -13*f + 4660 = -3*f. What is the hundreds digit of f/(-3)*(-18 + 9)?
3
Suppose 28*c - 24*c = 3568. Suppose 4*s - c = 1252. What is the tens digit of s?
3
Suppose 14*l - 15 = 11*l. Let n be 0/(l/(7 + -2)). Suppose n = -5*t - 371 + 1456. What is the hundreds digit of t?
2
Let s(j) = 2*j**2 - 57*j + 4. Let n be s(33). Suppose -o = -196 - n. What is the hundreds digit of o?
4
Suppose 14*v - a + 19 = 16*v, -5*v + 2*a = -61. Suppose 6*k + v*k = 5083. What is the units digit of k?
9
Let i(v) be the third derivative of -v**5/60 - 13*v**4/24 - 35*v**3/6 + 13*v**2. Let s be i(-14). Let m = s - -72. What is the units digit of m?
3
Suppose 31*b = 23227 + 83692. Suppose -4*j = 3*o - 3879 + 439, -3*o + 5*j + b = 0. What is the units digit of o?
8
Let s = -13 - -9. Let k be (-8 + 4 - s)/(-2). Suppose 5*t - 425 = -k*t. What is the tens digit of t?
8
Let s(m) = 66*m**2 - 150*m + 6. What is the hundreds digit of s(4)?
4
Let c = 4430 - -1770. What is the thousands digit of c?
6
Let f(q) = -512*q**3 - 3*q**2 - 3*q - 2. Let s(v) = 3*v**2 + 22*v - 17. Let g be s(-8). What is the hundreds digit of f(g)?
5
Let u(h) = 71*h - 3. Let a be u(0). Suppose -3*t = -3*p - 252, 0*t + 4*t = -4*p - 360. What is the units digit of (p - (a - 1))*-1?
3
Let z = 5701 + -3005. What is the thousands digit of z?
2
Suppose -4*s = -5*y - 31357, -s + 7843 = -435*y + 430*y. What is the tens digit of s?
3
Suppose 29*j + 840 = 43*j. Suppose 7098 = -53*y + j*y. What is the tens digit of y?
1
Suppose 5*y - 270 = -70. Suppose 5 = 5*o - y. What is the units digit of ((-60)/(-16))/(o/192)?
0
Let t(b) = b**3 - 6*b**2 + 34*b + 36. What is the units digit of t(15)?
1
Suppose 2*b + 4*a + 1702 = 0, 0 = -5*b + 7*b - 3*a + 1695. Let x = -606 - b. What is the tens digit of x?
4
Let s(n) = -4 + 6 + 5 - 2*n. Let d be s(2). Suppose 6*c = d*c + 297. What is the units digit of c?
9
Suppose 6*w - 2*w - 4*n = 4, 4*n = 12. What is the tens digit of (-21)/9 + w - (-1688)/6?
8
What is the tens digit of ((-3337)/(-142))/((-1)/(-430))?
0
Suppose 5*z - z - 33624 = -4*a, 0 = -4*z + 5*a + 33588. What is the hundreds digit of z?
4
Let g(n) = -n. Let t(v) = -v**3 + 4*v**2 - 11*v + 1. Let z(c) = 4*g(c) - t(c). What is the hundreds digit of z(7)?
1
Let i(c) = -22040*c**3 - c**2 - 4*c - 5. What is the hundreds digit of i(-1)?
0
Let o = 58 - 64. Let v(m) = -14*m - 9. What is the units digit of v(o)?
5
Suppose r = 3*f + 19, -21 = -5*r + 3*f + 14. Suppose 8*p - 9*p = 0. Suppose 0 = r*w - 2*z - 366, 2*z + p*z + 276 = 3*w. What is the tens digit of w?
9
Let x = 969 + 711. Suppos